s -101397201 + -1?
-101397202
In base 4, what is 2033103 + -1202?
2031301
In base 2, what is 10010 + -100000111100001100111100?
-100000111100001100101010
In base 14, what is 195187 - 5?
195182
In base 2, what is -110110111111101001111011100 - 0?
-110110111111101001111011100
In base 4, what is -10100310 + 101333?
-3332311
In base 8, what is 161625 - -765?
162612
In base 11, what is -97a7671 + -2?
-97a7673
In base 5, what is -3 - 14022020134?
-14022020142
In base 6, what is -112 - -11332021?
11331505
In base 4, what is 213300110232 - 3?
213300110223
In base 5, what is -4 - 224444120323?
-224444120332
In base 12, what is 801 + 21ab55?
21b756
In base 8, what is 4 + -300373?
-300367
In base 7, what is -3150246 - -15?
-3150231
In base 12, what is 5b5 + -2027?
-1632
In base 3, what is -2210110211 - 1210222?
-2212021210
In base 8, what is 5 - -1125031320?
1125031325
In base 15, what is -15 - 44be2?
-44c07
In base 3, what is -10 - 1100202000210222?
-1100202000211002
In base 3, what is 2101211 - -112010110?
121112021
In base 2, what is -101011101101101000 - 110100011101?
-101100100010000101
In base 8, what is 5362770 - -24?
5363014
In base 2, what is 0 - -1000001111110100000010000?
1000001111110100000010000
In base 14, what is -4 - -c4b1b7b?
c4b1b77
In base 11, what is 3 + 40996174?
40996177
In base 5, what is -214 + 2241024230?
2241024011
In base 9, what is -1181 - -57110?
55818
In base 16, what is 836836 - -24?
83685a
In base 16, what is -61f + -1c938?
-1cf57
In base 15, what is -b888 - 1a?
-b8a3
In base 7, what is 441 + 402625?
403366
In base 6, what is 232254 - -225204?
501502
In base 9, what is 865 - 27712?
-26736
In base 16, what is 3 + -20a6fd?
-20a6fa
In base 6, what is -132 - 1455554?
-1500130
In base 7, what is 3 + 201653345?
201653351
In base 6, what is -2540145 + -13344?
-2553533
In base 4, what is -102332030 + 3221?
-102322203
In base 12, what is 29 + -257a2a?
-257a01
In base 6, what is -2013 - -2321335?
2315322
In base 5, what is 20401444 - 23?
20401421
In base 6, what is -3 + 4331133515?
4331133512
In base 12, what is -2 - 252364a?
-2523650
In base 12, what is 280 + 22144?
22404
In base 11, what is 58 - -21a387?
21a434
In base 16, what is -331214a - 3?
-331214d
In base 3, what is -222 - -101200201012210?
101200201011211
In base 12, what is 2 + -367a54?
-367a52
In base 2, what is 11111111010 + -101111100110?
-1111101100
In base 9, what is -3704784 + -216?
-3705111
In base 15, what is 4488 - -43b8?
8851
In base 12, what is 2b456690 + -4?
2b456688
In base 9, what is 38 - -263854?
264003
In base 14, what is 5 + c995610?
c995615
In base 8, what is -161044722 + -5?
-161044727
In base 7, what is -12321 + -5402?
-21023
In base 13, what is ca12 + -7147?
5898
In base 16, what is -c + -109107?
-109113
In base 16, what is -74776b + 1?
-74776a
In base 9, what is -1258412 + 13?
-1258388
In base 14, what is 2088 - 1b15?
373
In base 10, what is 50 - 25062?
-25012
In base 6, what is -2 - -15501302?
15501300
In base 16, what is 8a626 + -6?
8a620
In base 15, what is 132e + -113?
121b
In base 16, what is -bf - -22a38?
22979
In base 4, what is -3213210213031 - -11?
-3213210213020
In base 5, what is 2242210 - 1324?
2240331
In base 9, what is -660 + 10050?
8280
In base 7, what is 3040 - 4464?
-1424
In base 9, what is 88 - -11776?
11875
In base 6, what is -23154 - 10423?
-34021
In base 8, what is 1 - 162107310?
-162107307
In base 6, what is 14003 - 103244?
-45241
In base 6, what is 340201100 + 32?
340201132
In base 6, what is 4101 + -15515?
-11414
In base 15, what is -b - -9315a?
9314e
In base 2, what is -10010010 - 100000100011001?
-100000110101011
In base 16, what is 9 - -8dc5c6?
8dc5cf
In base 5, what is 30314300 - -4?
30314304
In base 3, what is 22 + -1011011221121220?
-1011011221121121
In base 11, what is 4 - 12248730?
-12248727
In base 9, what is -4 - -165040646?
165040642
In base 3, what is 0 + -1011200120120?
-1011200120120
In base 10, what is -3228272 - 0?
-3228272
In base 16, what is a8fcc9bd - -5?
a8fcc9c2
In base 14, what is da5 + 2672?
3637
In base 14, what is 1b3290c - -12?
1b32920
In base 2, what is 10011101111 + 101100011110?
1000000001101
In base 7, what is 6602322 - 26?
6602263
In base 5, what is 212112110 - -441?
212113101
In base 2, what is -1001001111110 - -10010010111?
-110111100111
In base 16, what is -2 - -5dae1?
5dadf
In base 7, what is 1411062641 - 0?
1411062641
In base 10, what is 28 + 1655631?
1655659
In base 16, what is -3dc4 - 15fa?
-53be
In base 9, what is 5027 - 1175?
3742
In base 10, what is 48 + 59453?
59501
In base 10, what is 119719193 + 0?
119719193
In base 4, what is 131011133 - 1110?
131010023
In base 15, what is -775357 + -4?
-77535b
In base 6, what is 520440 - 4231?
512205
In base 15, what is -1e963 + 4b?
-1e917
In base 4, what is 1103102200 + -20?
1103102120
In base 11, what is -5 + 1a5923?
1a5919
In base 12, what is 2 - 64b9008?
-64b9006
In base 5, what is -302 + 21321442?
21321140
In base 4, what is -22021201100 + 112?
-22021200322
In base 8, what is 362231324 + 4?
362231330
In base 11, what is 3387 - -3212?
6599
In base 3, what is -1 + 200000122001010?
200000122001002
In base 16, what is -22 + -1aff30?
-1aff52
In base 14, what is -4 - -5d01d94?
5d01d90
In base 4, what is 1033303000010 - -31?
1033303000101
In base 4, what is -1221 - -12133230?
12132003
In base 10, what is 21 + 4031076?
4031097
In base 10, what is -24889 - -492?
-24397
In base 16, what is -3d7b913 - 1?
-3d7b914
In base 15, what is 63 - 1d35383?
-1d35320
In base 9, what is -223250013 - -2?
-223250011
In base 2, what is 10010101000 - 111101110000101111?
-111101011110000111
In base 8, what is 42 - -1546263?
1546325
In base 11, what is -a3 - -166a7?
16604
In base 7, what is -1304405 + -211?
-1304616
In base 3, what is 110101022010 - 11222?
110101010011
In base 3, what is -10222200 - 200112200?
-211112100
In base 13, what is -3627a42 + 3?
-3627a3c
In base 8, what is 3 + -12012313?
-12012310
In base 12, what is 3 - 592609a?
-5926097
In base 9, what is 4 + 27361453?
27361457
In base 5, what is -3 - 133120310133?
-133120310141
In base 9, what is 68513 + -5746?
62656
In base 3, what is 100200220112101 + -1000?
100200220111101
In base 6, what is -3 + 355132045?
355132042
In base 6, what is -1014 + -33451?
-34505
In base 10, what is 23477804 - 5?
23477799
In base 12, what is 11 - b9587?
-b9576
In base 16, what is 77dabc - -2?
77dabe
In base 16, what is -581c - -4e8?
-5334
In base 5, what is -123140 + -34213?
-212403
In base 8, what is 4 + 26545145?
26545151
In base 13, what is 45c68a - 191?
45c4c9
In base 7, what is 42 - -440165?
440240
In base 2, what is 100 - -1010100111000000101?
1010100111000001001
In base 7, what is 41652015 + 2?
41652020
In base 6, what is 311 + -3215452?
-3215141
In base 6, what is 5311 - 15101?
-5350
In base 10, what is -9175 - -217?
-8958
In base 4, what is 10133 - -3022300?
3033033
In base 13, what is -9c - -1128701?
1128632
In base 15, what is 360d23c9 + -5?
360d23c4
In base 12, what is 0 + -a29273?
-a29273
In base 3, what is 10102122222 + -22120?
10102100102
In base 5, what is 110014144330 - 0?
110014144330
In base 9, what is 1418202 + -1255?
1416836
In base 9, what is -62 - 567401?
-567463
In base 16, what is d04 + c65?
1969
In base 9, what is 456662 - -3?
456665
In base 4, what is 113123 - 1021312?
-302123
In base 6, what is 1144503 + -4301?
1140202
In base 4, what is 22022 - 101231?
-13203
In base 3, what is 120 + -101001001222?
-101001001102
In base 10, what is 6381528 - 5?
6381523
In base 13, what is -5091ab5 + -7?
-5091abc
In base 16, what is 1aa + -451?
-2a7
In base 5, what is 0 + 1420103311?
1420103311
In base 15, what is 619 + 23c59?
24373
In base 5, what is -3331 - 1204131?
-1213012
In base 11, what is 1682507 - -3?
168250a
In base 14, what is 4356 - -3c6?
473c
In base 13, what is -5 - -ac13345?
ac13340
In base 9, what is -6436 - 43126?
-50563
In base 10, what is -319 - 10163?
-10482
In base 4, what is -3 - 1032111022011?
-1032111022020
In base 11, what is 147a97a + 3?
147a982
In base 3, what is -20 + 110021210211200?
110021210211110
In base 3, what is -12 - 22011221000021221?
-22011221000022010
In base 15, what is -2b - -31d9ec?
31d9c1
In base 6, what is -2 - 104255411?
-104255413
In base 11, what is 4 - -4134533?
41345